he remainder when v is divided by 533?
7
Let a = -2630 - -2663. What is the remainder when 34 is divided by a?
1
Let l = 2194 + -2077. Calculate the remainder when 231 is divided by l.
114
What is the remainder when 284/(-15)*(-60)/24*6 is divided by (33/(-6))/(9/(-18))?
9
What is the remainder when (-62)/(-3)*(42/(-28) - -6) is divided by 40?
13
Suppose -2*r + 99 = 3*v, 3*v + 368 - 503 = 4*r. What is the remainder when v is divided by 10?
7
Let c = 4869 + -2786. Calculate the remainder when c is divided by 139.
137
Let i be (-3)/((-12)/32*-4). Calculate the remainder when (i/(-4))/(2/(-4)) - -31 is divided by 50/3 - (-4)/(-6).
14
Let c be 5423/143 - 5/(-65). Suppose -75 = c*p - 493. Calculate the remainder when 124 is divided by p.
3
Suppose 5*p - 5*s = 135, -2*p - 3*p = 5*s - 135. What is the remainder when (3/6 - 1) + (986/4 - 7) is divided by p?
23
Suppose -7 = -b - 5*a, 2*b - 21 + 7 = a. What is the remainder when (8 - (0 - -9))/(6/(-186)) is divided by b?
3
Let g be 4/(-1) + 117/13. Suppose 3*w + g = 35. What is the remainder when 28/6*6/1 is divided by w?
8
Let a = -221 + 226. Suppose 26*x + 49*x = 4500. What is the remainder when x is divided by a?
0
Let g = 458 + -383. Suppose 65*a - g*a + 110 = 0. Suppose -2*y + 3*w + 127 = 38, 37 = y + w. What is the remainder when y is divided by a?
7
Let w(n) = -8 - 14 + 25*n + 18. Suppose 0 = -2*v + 8 - 0. What is the remainder when w(v) is divided by 25?
21
Let j(n) = n**3 - 10*n**2 - 2*n + 35. Let x be j(10). Let c(s) = -2*s - 4. Let f be c(-3). Let z = x - f. What is the remainder when z is divided by 4?
1
Let t(l) = 2*l**2 + 7*l - 20. Let w be 3*(160/12)/(-5). Let r be t(w). Suppose 4*k - r = 52. What is the remainder when 49 is divided by k?
23
Suppose 5*y - y = 2*v - 14, 2*v - 10 = 2*y. What is the remainder when 94 is divided by y + (-3)/1 - 145/(-5)?
22
Let u(d) = 35*d - 1275. What is the remainder when 1374 is divided by u(38)?
54
Let h = -431 + 440. Let d be 1/((-1)/(1 + 2)). What is the remainder when 1*-48*2/d is divided by h?
5
Let o be (-69)/(-2)*6/(-9). What is the remainder when 240 is divided by (-7)/(-21)*-3 - o?
20
Let j(a) = 4525*a - 27112. Calculate the remainder when (223/2 - -1)*2 is divided by j(6).
35
Suppose 2*v - 6 = 3*v + 2*z, -6 = -v + 4*z. Calculate the remainder when 3*-3*(-5 + v) is divided by (66/(-10))/(-21*18/1890).
30
Suppose 4797 + 1347 = 52*c - 356. Calculate the remainder when c is divided by 73/4 - 1/4.
17
Let r = 327 + -342. What is the remainder when (4/5 - 0)*240 is divided by -5 - (162/r)/((-10)/(-50))?
45
What is the remainder when (7/(-1) + 8/16)*-44 is divided by 6?
4
Let y(v) = 2*v - 62. Let o be y(20). Calculate the remainder when o/33*873/(-6) is divided by 7.
6
Let v = 27759 - 27738. Let h = -31 - -85. What is the remainder when h is divided by v?
12
Let w(u) = -32*u**2 - u**3 - 8 - 52*u**2 + 105*u**2 - 26*u + 7*u. What is the remainder when 18 is divided by w(20)?
6
Let v be (-90)/(-10)*(0 + 6/9). Suppose q - 29 = -v. Let t(m) = -3*m**3 - 2*m**2 + 3*m + 3. What is the remainder when q is divided by t(-2)?
10
Calculate the remainder when 6985/35 + 9/21 is divided by 84.
32
Let u(v) be the second derivative of v**5/20 + 17*v**4/12 + 17*v**3/6 + 37*v**2/2 - 26*v - 2. What is the remainder when 145 is divided by u(-16)?
19
Let g = -16803 - -17120. What is the remainder when g is divided by 82?
71
Let j = 29 + -12. Suppose -j*k = -21*k + 212. Calculate the remainder when k is divided by 320/12 - (-1)/3.
26
Suppose -117*k + 967 + 465 = -1025. Suppose -2*v - 108 = -3*r, 6*v = v. Calculate the remainder when r is divided by k.
15
Let d = -1683 - -1864. Calculate the remainder when d is divided by 70.
41
Let u = -25061 - -25222. Calculate the remainder when u is divided by 149.
12
Suppose -113*u + 20 = -103*u. Suppose 0 = u*k + w - 38, -2*k + 25 = 2*w - 15. Calculate the remainder when 483 is divided by k.
15
Calculate the remainder when (6/(-15))/((17 - 41)/46920) is divided by 31.
7
Suppose 0 = -473*v + 499*v - 494. Let m(n) = -114*n - 3. Calculate the remainder when m(-1) is divided by v.
16
Suppose -36*k = -193 + 121. Suppose g - 2 = 1, -5*l - 20 = 5*g. Calculate the remainder when 11 is divided by (1 + 0 - k)*l.
4
Suppose 5*z = -u + 10, -3*z - 2*u = -0*u - 6. What is the remainder when -9 - -44 - (z - -2) is divided by 4?
3
Let g(z) = 3*z**3 + 7*z**2 + 14*z + 19. Let o be g(-5). Let h = o - -295. What is the remainder when h is divided by 5?
4
Let s(c) = 53*c**2 + 182*c + 20. What is the remainder when s(-4) is divided by 6?
2
Suppose -322*y + 115*y = -353586 - 130380. What is the remainder when y is divided by 771?
25
Let a = 3218 - 3167. What is the remainder when 404 is divided by a?
47
Let d be 1/3*-3*-42. Let t = 44 - d. Suppose -5*r + t*o + 507 = 0, -2*o + 9 - 1 = 0. Calculate the remainder when r is divided by 21.
19
Let v(m) = 10*m**2 - 7*m - 234. What is the remainder when v(-14) is divided by 455?
4
Let g(u) = u**2 + 6*u + 89. Let s(q) = q + 31. Let n(k) = g(k) - 3*s(k). Let f = -5 + 9. What is the remainder when n(f) is divided by 11?
2
Suppose 3*q + 8*t = 12*t + 20, t = -4*q + 14. Suppose -2*p = -q*u - 88, p - 36 = u - 3*u. Calculate the remainder when 68 is divided by p.
28
Suppose 0 = -12*m + 98 + 658. Calculate the remainder when m is divided by 9/((24/56)/(20/14)).
3
Calculate the remainder when (33028/(-1077))/(4/(-246)) is divided by 27.
23
Let d(w) = -2*w + 49. Let b be d(-22). Let u be (b/(-1))/(2 + 22/(-8)). Let t = 211 - u. What is the remainder when t is divided by 22?
21
Let f(b) = 2*b**2 - 125*b - 1365. Calculate the remainder when f(-10) is divided by 14.
1
Suppose 1326 = 4*m + 7*m + 15*m. What is the remainder when (3 + -4)*-3 - -146 is divided by m?
47
Let m = 332 - 988. Let c = -199 - m. What is the remainder when c is divided by 66?
61
Let s be (4/(-6))/((-460)/(-45) + -10). What is the remainder when 4011/63 - (1 - s/(-9)) is divided by 10?
3
Suppose -11*d + 87 = -56. What is the remainder when 15/((-315)/112)*-12 is divided by d?
12
Let w = 72852 + -72845. Let x(s) = -62*s + 1. Let r be x(1). Let l = r + 87. What is the remainder when l is divided by w?
5
Suppose 9*i - 4*i - 40 = 0. Suppose i*g + 149 = 597. Calculate the remainder when g is divided by 38.
18
Suppose -1034 = -2*w - 352. Calculate the remainder when w is divided by 7.
5
Let x(b) = 59*b**2 - 4*b + 3. What is the remainder when x(2) is divided by -13 + -11 + 11 + 39?
23
Let m = -5 - -2. Let x = 382673 - 382571. Calculate the remainder when x is divided by ((-7)/m)/(2/18).
18
Let v(h) = 3*h**3 - 2*h**2 - h - 1. Suppose 0*z = -z + 2. Let y(o) = -10*o - 717. What is the remainder when y(-78) is divided by v(z)?
11
Suppose 79*k + 34745 - 52674 - 86272 = 0. What is the remainder when k is divided by 450?
419
What is the remainder when ((-2)/3)/((-46)/3243) is divided by (1*40/(-6))/((-98)/294)?
7
Suppose -512 = 9*m + 109. Let w = m + 35. What is the remainder when 32 is divided by ((-5)/10)/(1/w)?
15
Calculate the remainder when 12/(-16)*(-42 + 30) is divided by 4.
1
What is the remainder when 1/(-3)*-10*1140/25 is divided by 23?
14
Calculate the remainder when 1/(-6) + ((-1)/(-9))/((-92)/(-316434)) is divided by 32.
30
Suppose 0 = -47*k + 26*k + 546. Suppose -u - 47 = -2*h, -31 = -5*u - k. What is the remainder when 55 is divided by h?
7
Let u(j) = 2*j**2 + 7*j - 1. Let m be u(-5). Suppose s - 3 = 5*p + 12, 4*s + 12 = -4*p. Let b = m - p. What is the remainder when 33 is divided by b?
16
Let c(k) = -89*k - 60. Let a(o) = o - 6. Let z be a(2). Calculate the remainder when c(z) is divided by 76.
68
Suppose -3*x + 3*y + 72 = 0, -5*y - 48 = 3*x - 5*x. Let j = -6 + -4. Let a = 53 + j. Calculate the remainder when a is divided by x.
19
Calculate the remainder when ((-120)/36 - -3)/(4/(-22548)) is divided by 94.
93
Suppose 0 = 2*y + 14 - 6, -3*m = y - 89. Let x = -10 + 14. Suppose -x*d + 42 = -22. What is the remainder when m is divided by d?
15
Let k(z) = z**3 - 7*z**2 - 8*z + 3. Let f be k(8). Suppose f*q - 6*m + 2*m - 91 = 0, 71 = 3*q + m. What is the remainder when 70 is divided by q?
20
Suppose 2*l - 2 = 2. Suppose 0 = 3*y + l - 284. What is the remainder when y is divided by 25?
19
Suppose -7*v + 9 = -4*v, -2*y + 1831 = -v. What is the remainder when y is